{"id":115,"date":"2011-08-08T23:46:26","date_gmt":"2011-08-09T02:46:26","guid":{"rendered":"http:\/\/wp.ricardoterra.com.br\/?page_id=115"},"modified":"2019-11-23T14:22:02","modified_gmt":"2019-11-23T17:22:02","slug":"awards","status":"publish","type":"page","link":"https:\/\/professores.dcc.ufla.br\/~terra\/awards\/","title":{"rendered":"Awards"},"content":{"rendered":"<p><!--:en--><strong>ACADEMIC<\/strong><\/p>\n<ul>\n<li>2nd Best Software Quality M.Sc. Dissertation, CTDQS\/SBQS, 2019. <a href=\"http:\/\/professores.dcc.ufla.br\/~terra\/files\/awards\/2019_sbqs_ctdqs_2nd_best_msc_dissertation.pdf\" target=\"_blank\">Certificate.<\/a>\n<li>Best Paper, SBQS, 2018. <a href=\"http:\/\/professores.dcc.ufla.br\/~terra\/files\/awards\/2018_sbqs_best_paper_award.pdf\" target=\"_blank\">Certificate.<\/a>\n<li>Among the 9 best B.Sc. researches, XXXVI Concurso de Trabalhos de Inicia\u00e7\u00e3o Cient\u00edfica (CTIC), SBC, 2017. (advisor) <a href=\"http:\/\/professores.dcc.ufla.br\/~terra\/files\/awards\/2017_award_ctic_announcement.pdf\" target=\"_blank\">Announcement.<\/a>\n<li>Best Paper, VEM, 2016. <a href=\"http:\/\/professores.dcc.ufla.br\/~terra\/files\/awards\/2016_vem_best_paper_award.pdf\" target=\"_blank\">Certificate.<\/a>\n<li>2nd Best Paper, SBCARS, 2016. <a href=\"http:\/\/professores.dcc.ufla.br\/~terra\/files\/awards\/2016_sbcars_2nd_best_paper_award.pdf\" target=\"_blank\">Certificate.<\/a>\n<li>3rd Best Tool, CBSOFT, 2015. <a href=\"http:\/\/professores.dcc.ufla.br\/~terra\/files\/awards\/2015_award_cbsoft_certificate.pdf\" target=\"_blank\">Certificate.<\/a> <a href=\"http:\/\/professores.dcc.ufla.br\/~terra\/publications_files\/2015_cbsoft_tools.pdf\" target=\"_blank\">Paper.<\/a><\/li>\n<li>Best Paper, ELA-ES (School), 2015. <a href=\"http:\/\/professores.dcc.ufla.br\/~terra\/files\/awards\/2015_award_elaes_certificate.pdf\" target=\"_blank\">Certificate.<\/a> <a href=\"http:\/\/professores.dcc.ufla.br\/~terra\/publications_files\/2015_elaes_pinto.pdf\" target=\"_blank\">Paper.<\/a><\/li>\n<li>Best Paper, CIbSE, SET Track, 2015. <a href=\"http:\/\/professores.dcc.ufla.br\/~terra\/files\/awards\/2015_award_cibse_set_certificate.jpg\" target=\"_blank\">Certificate.<\/a> <a href=\"http:\/\/professores.dcc.ufla.br\/~terra\/publications_files\/2015_cibse_set.pdf\" target=\"_blank\">Paper.<\/a><\/li>\n<li>2nd Best Paper, MSR Challenge, 2014. <a href=\"http:\/\/professores.dcc.ufla.br\/~terra\/files\/awards\/2014_award_msr_challenge_announcement.pdf\" target=\"_blank\">Announcement.<\/a> <a href=\"http:\/\/professores.dcc.ufla.br\/~terra\/publications_files\/2014_msr_challenge.pdf\" target=\"_blank\">Paper.<\/a><\/li>\n<li>2nd Best Tool, CBSOFT, 2012. <a href=\"http:\/\/professores.dcc.ufla.br\/~terra\/files\/awards\/2012_award_cbsoft_photo.jpg\" target=\"_blank\">Photo.<\/a> <a href=\"http:\/\/professores.dcc.ufla.br\/~terra\/files\/awards\/2012_award_cbsoft_certificate.jpg\" target=\"_blank\">Certificate.<\/a> <a href=\"http:\/\/professores.dcc.ufla.br\/~terra\/publications_files\/2012_cbsoft_tools.pdf\" target=\"_blank\">Paper.<\/a><\/li>\n<li>Among the 11 best Master&#8217;s Theses, XXIII Concurso de Teses e Disserta\u00e7\u00f5es (CTD), SBC, 2010. <a href=\"http:\/\/professores.dcc.ufla.br\/~terra\/files\/awards\/2010_award_ctd_announcement.png\" target=\"_blank\">Announcement.<\/a> <a href=\"http:\/\/professores.dcc.ufla.br\/~terra\/publications_files\/2010_ctd.pdf\" target=\"_blank\">Paper.<\/a><\/li>\n<li>Best Paper, WMSWM, 2010. <a href=\"http:\/\/professores.dcc.ufla.br\/~terra\/files\/awards\/2010_award_wmswm_certificate.jpg\" target=\"_blank\">Certificate.<\/a> <a href=\"http:\/\/professores.dcc.ufla.br\/~terra\/publications_files\/2010_wmswm.pdf\" target=\"_blank\">Paper.<\/a><\/li>\n<li>3rd Best Master&#8217;s Thesis, XVI Concurso Latinoamericano de Disserta\u00e7\u00f5es de Mestrado (CLTM), CLEI, 2009. <a href=\"http:\/\/professores.dcc.ufla.br\/~terra\/files\/awards\/2009_award_cltm_photo.jpg\" target=\"_blank\">Photo.<\/a> <a href=\"http:\/\/professores.dcc.ufla.br\/~terra\/files\/awards\/2009_award_cltm_announcement.png\" target=\"_blank\">Announcement.<\/a> <a href=\"http:\/\/professores.dcc.ufla.br\/~terra\/files\/awards\/2009_award_cltm_certificate.jpg\" target=\"_blank\">Certificate.<\/a>  <a href=\"http:\/\/professores.dcc.ufla.br\/~terra\/publications_files\/2009_cltm.pdf\" target=\"_blank\">Paper.<\/a><\/li>\n<\/ul>\n<p><strong>HONORS FROM GRADUATED GROUPS<\/strong><\/p>\n<ul>\n<li><em>Patrono<\/em>. Class of <em>Ci\u00eancia da Computa\u00e7\u00e3o<\/em>. 2013. Universidade FUMEC. <a href=\"http:\/\/professores.dcc.ufla.br\/~terra\/files\/awards\/2013_fumec_patrono.pdf\" target=\"_blank\">Students<\/a>.<\/li>\n<li><em>Patrono<\/em>. Class of <em>Sistemas de Informa\u00e7\u00e3o<\/em>. 2009. FAMINAS-BH. <a href=\"http:\/\/professores.dcc.ufla.br\/~terra\/files\/awards\/2009_faminas_patrono.pdf\" target=\"_blank\">Students<\/a>. <a href=\"http:\/\/www.youtube.com\/watch?v=Zwk88kC9Wrg\" target=\"_blank\">Video<\/a>.<\/li>\n<li><em>Paraninfo<\/em>. First class of <em>An\u00e1lise e Desenvolvimento de Sistemas Web<\/em>. 2009. UNIPAC-CONTAGEM. <a href=\"http:\/\/professores.dcc.ufla.br\/~terra\/files\/awards\/2009_unipac_award.jpg\" target=\"_blank\">Award.<\/a> <a href=\"http:\/\/www.youtube.com\/watch?v=vWIJb7ruoD4\" target=\"_blank\">Video<\/a>. <a href=\"http:\/\/professores.dcc.ufla.br\/~terra\/files\/awards\/2009_unipac_discurso_paraninfo.pdf\" target=\"_blank\">Speech<\/a>.<\/li>\n<li>Honoured Professor. Class of <em>Sistemas de Informa\u00e7\u00e3o<\/em>. 2008. FAMINAS-BH. <a href=\"http:\/\/professores.dcc.ufla.br\/~terra\/files\/awards\/2008_faminas_professor_homenageado.pdf\" target=\"_blank\">Students<\/a>. <a href=\"http:\/\/www.youtube.com\/watch?v=EzY2qChEf8c\" target=\"_blank\">Video<\/a>.<\/li>\n<\/ul>\n<p><strong>CERTIFICATIONS<\/strong><\/p>\n<ul>\n<li>Sun Certified Java Programmer 1.4, Sun Microsystems. 2005.<\/li>\n<li>Sun Certified Web Component Developer, Sun Microsystems. 2005.<\/li>\n<\/ul>\n<p><!--:--><\/p>\n","protected":false},"excerpt":{"rendered":"<p>ACADEMIC 2nd Best Software Quality M.Sc. Dissertation, CTDQS\/SBQS, 2019. Certificate. Best Paper, SBQS, 2018. Certificate. Among the 9 best B.Sc. researches, XXXVI Concurso de Trabalhos de Inicia\u00e7\u00e3o Cient\u00edfica (CTIC), SBC, 2017. (advisor) Announcement. Best Paper, VEM, 2016. Certificate. 2nd Best Paper, SBCARS, 2016. Certificate. 3rd Best Tool, CBSOFT, 2015. Certificate. Paper. Best Paper, ELA-ES (School), [&hellip;]<\/p>\n","protected":false},"author":1,"featured_media":0,"parent":0,"menu_order":6,"comment_status":"closed","ping_status":"closed","template":"","meta":{"footnotes":""},"class_list":["post-115","page","type-page","status-publish","hentry"],"_links":{"self":[{"href":"https:\/\/professores.dcc.ufla.br\/~terra\/wp-json\/wp\/v2\/pages\/115","targetHints":{"allow":["GET"]}}],"collection":[{"href":"https:\/\/professores.dcc.ufla.br\/~terra\/wp-json\/wp\/v2\/pages"}],"about":[{"href":"https:\/\/professores.dcc.ufla.br\/~terra\/wp-json\/wp\/v2\/types\/page"}],"author":[{"embeddable":true,"href":"https:\/\/professores.dcc.ufla.br\/~terra\/wp-json\/wp\/v2\/users\/1"}],"replies":[{"embeddable":true,"href":"https:\/\/professores.dcc.ufla.br\/~terra\/wp-json\/wp\/v2\/comments?post=115"}],"version-history":[{"count":21,"href":"https:\/\/professores.dcc.ufla.br\/~terra\/wp-json\/wp\/v2\/pages\/115\/revisions"}],"predecessor-version":[{"id":494,"href":"https:\/\/professores.dcc.ufla.br\/~terra\/wp-json\/wp\/v2\/pages\/115\/revisions\/494"}],"wp:attachment":[{"href":"https:\/\/professores.dcc.ufla.br\/~terra\/wp-json\/wp\/v2\/media?parent=115"}],"curies":[{"name":"wp","href":"https:\/\/api.w.org\/{rel}","templated":true}]}}